 Let w(l) = -l**3 + 12*l**2 + 4*l + 5. Let a(j) = -2*c(j) + 5*w(j). Give a(f).
-5
Let a(b) = -b + 19. Let k be (-96)/(-480) - (1 + (-49)/5). Calculate a(k).
10
Let c = -22 + 25. Let d(b) = 9*b**2 - 9*b - 13. Let v(t) = 4*t**2 - 4*t - 6. Let h(o) = -3*d(o) + 7*v(o). Calculate h(c).
3
Let x = 518 - 508. Let v(f) = -f**2 + 6*f - 1. Calculate v(x).
-41
Let g(d) = 11*d**3 + 11*d + 28. Let h(w) = 4*w**3 + 9 - w - 8*w + 13*w. Let o(s) = -3*g(s) + 8*h(s). Calculate o(0).
-12
Let w(b) = 8*b**3 + 1. Let s(v) = -v**3 + 4*v**2 - 2*v - 1. Let o be s(2). Let k be -2 - o/(9/(-21)). Suppose 4*a + k = -a. Give w(a).
-7
Let o(u) = 3*u**3 - 8*u**2 - 3*u + 5. Let i(c) = 8*c**3 - 23*c**2 - 8*c + 14. Suppose -4*x = -11 - 33. Let s(k) = x*o(k) - 4*i(k). What is s(-4)?
3
Let b(q) = 85*q - 233*q - 6 + 74*q + 75*q. Determine b(-6).
-12
Let n(s) = -10*s**2 + 10*s + 24. Let p(r) = -3*r**2 + 3*r + 8. Let g(k) = 2*n(k) - 7*p(k). Let o = 29 - 28. Let a be (3 - 3)*1/o. Give g(a).
-8
Let g(r) = -r + 2. Let j be g(8). Let z(x) = -4*x**3 - 5*x**2 + 4*x + 4. Let l(k) = -5*k**3 - 5*k**2 + 5*k + 5. Let y(u) = j*z(u) + 5*l(u). Give y(5).
6
Let o(j) = -2*j**2 - 1. Let m = -519 + 522. Give o(m).
-19
Let t(j) be the third derivative of -j**8/20160 + j**7/2520 + j**6/720 + j**5/60 + 5*j**3/2 - 39*j**2. Let d(k) be the third derivative of t(k). Determine d(4).
-7
Let u(w) be the third derivative of -w**4/8 - w**3/3 + 10*w**2. Let p(z) = -z**2 - z. Let s(o) = -2*p(o) + u(o). Determine s(3).
13
Let j be (-10)/3*(-6)/4. Suppose 0 = z + 4*z + j*b + 15, 6 = 2*z - 4*b. Let s(a) = -10*a. Determine s(z).
10
Let o(d) = d + 3*d - 16 - 3*d + 28. Let x be (12 - 13)/((-1)/(-17)). Let f(p) = -3*p - 35. Let s(b) = x*o(b) - 6*f(b). What is s(-5)?
1
Let j = 6 + -2. Let y(b) = -4 - b + 3 - j - 2*b. Determine y(-7).
16
Suppose -5*a + 31 = -0*i + 4*i, -2*a + 2*i - 2 = 0. Let l(f) = 2*f + 2. Let j(c) = -c - 1. Let v(k) = -7*j(k) - 3*l(k). Determine v(a).
4
Let v(w) be the second derivative of -1/6*w**3 + 2*w**2 + 0 + 18*w. Calculate v(3).
1
Let i(p) be the second derivative of -p**3/6 + 9*p**2/2 + 1183*p. Suppose 0 = -8*r + 3*r + 20. What is i(r)?
5
Let t(a) = a**2 - 9*a - 5. Let m be t(10). Suppose 5*v + 5*b - 24 = 131, b - 175 = -m*v. Suppose -5*o - v = -11. Let h(g) = g**3 + 6*g**2 + 2*g + 2. Give h(o).
17
Suppose 2*q = -4*k + 22, 0 = 6*k - 0*k - 5*q - 41. Let i(m) = 9 - 3 + 0 - 2*m. Calculate i(k).
-6
Let x(l) = -l**2 - 12*l. Let j(z) = z - 1. Let w(u) = 3*j(u) + x(u). Give w(-7).
11
Let l(t) = -t**3 + 9*t**2 + 13*t + 1. Let a(y) = -2*y**2 - 3*y. Let h(v) = 5*a(v) + l(v). What is h(0)?
1
Let x(s) = 18*s - 52. Let z be x(3). Let b(w) = w**3 + w**2 + 2*w - 1. Give b(z).
15
Let b(s) = 16*s + 76. Let f be b(-7). Let o be (-10)/8 - 45/f. Let h(m) = m - 16. Calculate h(o).
-16
Let k(x) = -4*x + 9. Let y be (1 - 0)/(27/189). Give k(y).
-19
Let x(u) = 24*u + 21. Let w(t) = 6*t + 5. Let f(l) = -9*w(l) + 2*x(l). What is f(-1)?
3
Let v(a) = -a**2 - 3*a - 1. Suppose 3*p - 2 = 4*s - 0*p, 0 = 5*s + 4*p - 13. Let g = s - 4. Calculate v(g).
-1
Let h(m) be the third derivative of m**6/720 - m**5/12 - 7*m**4/12 + 12*m**2. Let t(u) be the second derivative of h(u). Calculate t(7).
-3
Let n(b) = -b**2 + b - 2. Let i = 6 + 6. Suppose j + i = 7*j. Give n(j).
-4
Let a = -221 - -224. Let q(v) = -2*v + 6. Give q(a).
0
Let g be (27/(-18))/(2/12). Let u = g + 11. Let n(z) = -6 + u*z**3 + 7 + 3*z - 3 - 3*z**2 - 3*z**3. Give n(-4).
2
Let o = 1978 + -1991. Let m(p) = -p - 18. What is m(o)?
-5
Let b(c) be the third derivative of c**5/30 + c**4/8 - c**3/3 + 303*c**2. Calculate b(1).
3
Let n(v) = -2*v**2 - 2*v + 4. Suppose 0 = -6*r + r + 35. Suppose 0 = 4*m + 4*m - 16. Suppose -4*p + 2*z - 1 = 5, -m*p + 3*z = -r. Calculate n(p).
-20
Suppose 4*b + 138 = -4*a + 118, -a = 3*b + 5. Let o(x) = 4*x + 23. What is o(a)?
3
Let z(l) = 2*l**3 - l**2 + 7*l + 8. Let j(i) = 2*i**2 - 8*i - 10. Let v(f) = -2*j(f) - 3*z(f). Give v(-1).
6
Suppose -3 = -y + 2. Let i(b) be the first derivative of -b**2/2 + 3*b + 63. Give i(y).
-2
Suppose -31*m + 239 = 53. Let w(y) = -y**2 + 3*y + 3. What is w(m)?
-15
Let l(v) = 3*v**2 + v - 2. Suppose -5*p + 98 = -3*p. Suppose k - 47 = -p. Give l(k).
8
Let o(u) = -2*u**2 - 4*u + 7. Let s be (-558)/144 - (-1)/(-8). What is o(s)?
-9
Let s(h) = -5*h - 3. Suppose 11 + 11 = 2*r + 4*c, -5*r + 19 = -2*c. Calculate s(r).
-28
Suppose 0 = -3*b - 4*y, -5*y - 9 = 5*b - 4. Let h(f) = -3*f - 3. Give h(b).
9
Suppose 9*f - 4*f = -15. Suppose -2*s - 2*s + 4*g = -16, -4*g + 14 = 2*s. Let c(q) = -q - 8 + 0 + s. What is c(f)?
0
Let x be 3 - 2/((-6)/45). Let t = x + -14. Let l(g) = g**2 - t*g + 0*g**2 + 5*g. Give l(0).
0
Let o(m) = m + 17. Let p(t) = -2*t - 17. Let v(y) = -5*o(y) - 4*p(y). Give v(7).
4
Let b = 0 - 4. Let i(f) = f**3 + 7*f**2 - 3*f + 5. Let w be i(-7). Let d(u) = w - 15 - 14 - u. What is d(b)?
1
Let v(s) = 3*s**2 - 168*s - 1. Let j be v(56). Let y(n) = 12*n**2 - n - 6. Let f(i) = -13*i**2 + i + 5. Let m(t) = -5*f(t) - 4*y(t). Determine m(j).
17
Let w(q) = -7*q**2 - 7*q - 6 - 241*q**3 + 240*q**3 - 1. What is w(-6)?
-1
Let u be 1 + 52/(-44) + 159/(-33). Let r(g) = -g**2 - g - 3. Calculate r(u).
-23
Let r(b) = 8*b**3 + b**2. Suppose 4*g = -a, 2*a - 7*a = 2*g - 18. Calculate r(g).
-7
Let a(l) = -10*l + 3. Suppose -9*j + 10 = 2*s - 5*j, 8 = 2*j. Give a(s).
33
Let i(s) = 7*s**2 - 1. Suppose -5*r - 22 = 2*c, -3 = 5*c + 4*r + 18. What is i(c)?
6
Let k(x) = -7*x - 13. Let b(v) = -2*v - 1. Let u(s) = -6*b(s) + k(s). Calculate u(5).
18
Let s(r) = -r**3 - 12*r**2 - 10*r + 13. Suppose -7*q + 33 = -3*n - 11*q, -3*q = 0. Give s(n).
2
Let p(i) = i**3 - 4*i**2 - 2*i - 4. Let d(b) = 13*b + 43. Let n be d(-3). Calculate p(n).
-12
Let v(q) = -q**2 - 6*q + 2. Let o(k) = 5*k**2 + 24*k - 9. Let c(r) = 2*o(r) + 9*v(r). What is c(5)?
-5
Let i(j) = -155 + j - 4*j**2 + 150 - 5*j - 2*j**3 + j**3. What is i(-4)?
11
Let d(p) = -2*p + 5. Suppose -2*i - b - 9 = 0, 35*i - 37*i - 5 = 5*b. Determine d(i).
15
Suppose 5*x + 27 + 2 = 4*c, -c + x + 7 = 0. Let j(w) = 3 + 5 - 4 - w - c. Determine j(2).
-4
Let x be 1/((-50)/(-15) - 3). Let o(j) = 3 + 6 - 6 + x - 3*j. What is o(6)?
-12
Let o = 11 - -73. Suppose -9*f + o = 30. Let v(c) = -c**2 + 5*c - 3. Give v(f).
-9
Suppose 1 = 4*b - 2*o - 5, 3*b = 5*o - 6. Suppose 1 + b = w. Let s(p) = -p**3 + 3*p**2 + 4*p - 1. Calculate s(w).
-1
Let r(l) be the second derivative of l**5/20 - 2*l**4/3 + 3*l**3/2 - 7*l**2/2 - 2*l + 114. Let z be (-33)/(-5) - 2/(-5). Determine r(z).
7
Let z(w) = w - 19. Suppose 238 = 12*k + 166. What is z(k)?
-13
Let l(g) = 5*g. Let n(j) = j + 14 + 3*j + 0*j + 0*j. Let b be n(-3). Calculate l(b).
10
Let l(u) = -u + 7. Suppose 29*m - 24*m - 110 = 0. Let h = m - 16. Calculate l(h).
1
Let j(b) be the second derivative of -b**4/4 + 13*b**3/6 + 4*b**2 + 23*b. Let o be j(5). Let h(s) = -s**3 - 2*s**2 + 4*s**2 - 1 - 4*s**2. Determine h(o).
-1
Let o(x) be the first derivative of x**5/20 + 5*x**4/12 - x**3/3 + 5*x**2/2 + 47*x - 26. Let m(v) be the first derivative of o(v). Determine m(-6).
-19
Let c(k) = -13*k**3 + 9*k**2 + 19*k - 84. Let s(w) = -3*w**3 + w**2 + 5*w - 21. Let z(p) = -2*c(p) + 9*s(p). Give z(-10).
9
Let v(q) = -9 + 6*q + 8*q**2 + 0*q**2 + 27 - 9 + q**3. What is v(-7)?
16
Suppose 18 = -k + 4*k. Let b(g) be the third derivative of g**5/60 - g**4/4 - g**3/3 - 18*g**2. Calculate b(k).
-2
Let f(b) = -b**2 + 18. Let m = 309 - 309. Determine f(m).
18
Let a be (-3)/(42/(-4)) - 110/(-7). Let t(y) = 5*y + a*y**2 + 4 - 5*y**2 - 10*y**2. What is t(-3)?
-2
Let t be (-2)/(-11) - 1055/55. Let a = t + 21. Let w(m) = -1 + 19*m**2 + 27*m**a - 27*m**2. Determine w(-1).
18
Let v be 624/(-1092)*7/2. Let j(o) = -2*o**3 - o**2 + 4*o + 3. Calculate j(v).
7
Let u(f) = 5*f**3 - 13*f**2 - 5*f - 1. Let z(j) = -3*j**3 + 7*j**2 + 3*j. Let x(w) = 4*u(w) + 7*z(w). Suppose 2*i = 3*i + 3. Give x(i).
-7
Suppose 9*b - 11*b + 34 = 0. Let q(y) = -y - 9. Let r be q(8). Let w = r + b. Let u(g) = g - 6. What is u(w)?
-6
Let j(h) = 8*h. Let w = -298 + 299. Give j(w).
8
Let l(k) = k**3 - 5*k**2 + 6*k - 17. Let a(q) = q**3 + 5*q**2 - 7*q - 30. Let m be a(-5). Give l(m).
13
Let j(z) = -z**3 - 5*z**2 + 9*z + 1. Let x = 175 - 181. Determine j(x).
-17
Let f(s) = 4*s**2 - 1 - 2*s**2 - s**2 + 0*s**2. What is f(-3)?
8
Let i(r) = -r**2 + 2*r